
Let c(u) = 3*u**3 - u**2. Let j be c(1). Suppose -4*v = -65 + 17. Suppose -j*r + v = r. What is the units digit of r?
4
Let r be ((-8)/12)/(4/(-78)). Suppose z = -d + r, 0*z - d + 53 = 5*z. What is the units digit of z?
0
Let f(o) = o**2 + 4*o - 9. Let r be f(-7). Suppose 3*h - 4*h + r = 0. What is the tens digit of h?
1
Let s = 86 - 80. What is the units digit of s?
6
What is the tens digit of 41/4 - (1 - (-12)/(-16))?
1
Let o(q) = q**3 - 6*q**2 + 15*q + 16. What is the units digit of o(7)?
0
Let o(f) = 4*f**2 + 2 + 5*f**2 + 6*f**3 - 5*f**3 + 8*f. What is the units digit of o(-8)?
2
Let t(b) be the first derivative of b**2 + 2*b - 1. Let w be t(-6). What is the units digit of 2 + (0 - (w - -1))?
1
Suppose 4*v - 5*t - 666 = 138, 2*v = -t + 402. What is the units digit of v?
1
Let m(v) = -v**3 + 6*v**2 + 4. Let j be m(6). Let q(p) = p + 6. Let g be q(-6). Suppose -d - j*x + 8 = -3, g = 5*x - 10. What is the units digit of d?
3
Let k(y) = -y**2 + y. Let p(r) = -r**3 + 8*r**2 - 7*r - 1. Let z be (-1 - 0)*(0 - -1). Let f(j) = z*p(j) - k(j). What is the units digit of f(6)?
1
Suppose -36*h = -34*h - 106. What is the tens digit of h?
5
What is the hundreds digit of 5434/39*3/1?
4
Let o be (-116)/(-36) - 4/18. Let b(g) = 2*g**2 - 3. What is the units digit of b(o)?
5
Let i(c) = c + 15. Let f(j) = -j - 10. Let w(p) = 7*f(p) + 5*i(p). What is the units digit of w(-7)?
9
Let c be ((-4)/(-6))/(8/36). Let s = c - -3. What is the units digit of s?
6
Let p be 2/(2 - (-12)/(-9)). What is the units digit of (2 - p) + 3 + 11?
3
Let x be (-6)/27 - 2/(-9). Let j = -3 - -19. Let y = x + j. What is the tens digit of y?
1
Suppose 8*t = 6*t + 96. What is the tens digit of t?
4
Suppose -u - 25 = -2*u + 2*x, 0 = -u + 3*x + 27. What is the units digit of u?
1
Let c be -1 + 8 + (1 - 1). Let j = c - -1. What is the units digit of j?
8
What is the units digit of 966*1/5 + 2/(-10)?
3
What is the units digit of 1/(3 - 4)*(-40)/4?
0
Suppose -3*h + 18 = 2*b, -h + 6 = -0*h + 2*b. Suppose 153 = h*i - 3*i. What is the tens digit of (-5 - -2)*i/(-9)?
1
Let x be 78/(-8)*52/(-13). What is the units digit of x/21 + (-5)/(-35)?
2
What is the tens digit of (-2)/4 + (-636)/(-8)?
7
Suppose 100 = j - 4*o, -4*j + 0*j - 4*o = -360. What is the tens digit of j?
9
Let b(z) = -z - 8. Let k be b(-10). What is the tens digit of k + (-12)/4 + 43?
4
Let y be 14/6 + (-3)/9. Suppose -2*g = c + y*c - 2, 4*g = -8. What is the units digit of c - 0 - 4 - -5?
3
Suppose -3 = 5*k - 4*t, -2*k = -4*t - 3 - 3. Let u be ((-9)/k)/((-3)/2). What is the units digit of 1*u/2*-1?
1
Let d = 67 - -24. What is the units digit of d?
1
Let w(r) = -56*r. What is the tens digit of w(-1)?
5
What is the tens digit of (1 + -96)/(-2 - (-5)/3)?
8
What is the tens digit of (-2 + 3)/(2/20)?
1
Let g = -14 + 53. What is the tens digit of g?
3
What is the tens digit of 2/(-1) - (-105)/3?
3
Let z be 750/9 - 6/(-9). What is the tens digit of (12/14)/(3/z)?
2
Let n be (-5 + 4)*0/2. Let j(v) = 1 - 3 + v + n. What is the units digit of j(5)?
3
Let a(t) = -t - 7. Let s be a(4). What is the tens digit of -2 + s/(-1) - -3?
1
Suppose -2*i = -30 - 8. What is the units digit of i?
9
Suppose -3 + 12 = -3*t. Let l(w) = w**3 + 5*w**2 + 1. What is the units digit of l(t)?
9
Suppose 4*r = r + 15. Suppose 2*g = -b + 2, r*b + 3*g = -0*g - 11. Let i = 7 + b. What is the units digit of i?
3
Let y(a) = 5*a - 2. What is the tens digit of y(10)?
4
Let z(v) = -v**3 - 2*v**2 + 6*v - 5. What is the units digit of z(-5)?
0
Let z(o) = -o**3 - 7*o**2 + 8*o + 4. Let t = 18 - 10. Let j be (t/(-5))/((-6)/(-30)). What is the units digit of z(j)?
4
Let m(t) = 2*t**2 - 2*t + 1. What is the units digit of m(5)?
1
Suppose 5*h - h - 5*b - 295 = 0, -2*h + 3*b + 147 = 0. What is the tens digit of h?
7
Suppose 0 = -i - 1, -2*i - 144 = -2*w + 360. What is the units digit of w?
1
Let t be (14/(-4))/(1/2). Let l(z) = -z**3 - 6*z**2 + 7*z + 3. Let r be l(t). Let m = 6 + r. What is the units digit of m?
9
Let q(i) = 3*i**3 + 3*i**2 + i. Let h be q(-2). Let b = h + 24. What is the units digit of b?
0
Suppose 0 = -2*m + x - 5*x + 6, 3*x - 17 = -4*m. Let r(s) = s**3 - 4*s**2 - 4*s - 5. Let w be r(m). Let c(k) = k**2 + 11. What is the units digit of c(w)?
1
Let n = 351 - 234. What is the hundreds digit of n?
1
Let m(v) = -v**2 - 2*v + 81. What is the units digit of m(0)?
1
Let b(j) = -j + 11. Let k be (2/4)/((-1)/(-20)). Let p be b(k). Let g = p + 6. What is the units digit of g?
7
Suppose 0 = 2*a + v - 6, -2*a + 23 = -5*v - 7. Suppose a*b = -6 + 121. What is the tens digit of b?
2
What is the units digit of (92/(-6))/((-2)/9)?
9
Suppose 7*j = 4*j + 627. What is the hundreds digit of j?
2
Suppose 4*m = 119 + 825. What is the hundreds digit of m?
2
Let g(i) = i**3 - i**2 - 5*i + 3. Let o be g(4). Let y = -18 + o. What is the units digit of y?
3
Suppose 4*m - 1 - 11 = 0. Suppose 96 = s + m*s. What is the tens digit of s?
2
Suppose -3*v + 129 = i, 5*i = -v - 0*v + 57. What is the units digit of v?
2
Let r = 7 - 4. What is the units digit of ((-2)/r)/((-10)/135)?
9
Suppose 0*i - i = -3. Let u be i/(-5) + 69/15. Let r = u - -11. What is the tens digit of r?
1
Let g(r) = 9*r**3 - 7*r**2 + 17*r + 15. Let s(j) = -5*j**3 + 3*j**2 - 9*j - 8. Let b(q) = -4*g(q) - 7*s(q). What is the units digit of b(6)?
2
Let f = 6 + -13. Let u = f - -9. Suppose -2*s + 20 = u*s. What is the units digit of s?
5
Let v be (2/(-6))/((-6)/(-18)). Let z = 4 - v. What is the units digit of z?
5
Let i be 5/(5/(-2)) - -2. Let t = i + 3. Suppose -3*m + 0 = -f - 14, 4*m + t*f = 36. What is the units digit of m?
6
Let v = 12 + -18. Let g(s) = -s + 7. What is the tens digit of g(v)?
1
Let s(x) = x**3 + 9*x**2 + 4*x + 8. What is the units digit of s(-6)?
2
Suppose 115 = 3*z - 242. What is the tens digit of z?
1
Suppose -5*q + 64 = 2*w, -q - 12 = -2*w + 28. What is the units digit of w?
2
Suppose -2*b + 1 = -b, 0 = 2*o - b - 9. Suppose g - o = 4. What is the units digit of g?
9
Let a be (-1)/(((-4)/(-6))/(-2)). Suppose -a*g + 0*g = -6. What is the units digit of 1/(g/6) - -2?
5
Suppose 7 = -5*h + 37. What is the units digit of h?
6
Suppose -20 = -6*n + n. Let c be ((-84)/8)/((-3)/n). Let x = c - 10. What is the units digit of x?
4
Let r(m) = -11*m - 6. What is the units digit of r(-4)?
8
Suppose -122 = -4*m + 210. Suppose -4*j - 5*g + m = 0, 3*j + g + 31 = 5*j. What is the tens digit of j?
1
Let c be (-1)/(-2 + 57/30). Suppose -c + 1 = 3*b. What is the units digit of 6 + (-2 + 1 - b)?
8
Let w be (-5)/(-2)*16/20. Let z(r) = -r + 2. Let m be z(w). Suppose m = -2*k + k + 6. What is the units digit of k?
6
Let v(p) be the second derivative of -p**5/20 + 5*p**4/12 - p**3/2 - p. What is the units digit of v(3)?
9
Suppose -3*t + 0*t + 3*w + 3 = 0, -w - 6 = -2*t. Let h = 3 - t. Let f = 4 + h. What is the units digit of f?
2
Let y(r) = r + 1. Let x be y(-3). What is the units digit of 1 + -1 + x - -12?
0
What is the units digit of 34/((4/3)/((-18)/(-27)))?
7
Suppose 2*x + x = -3*v + 132, 86 = 2*v + 4*x. What is the tens digit of v?
4
Let l(o) = -5*o - 3. Let w = 2 + -5. Let u be l(w). What is the units digit of u - ((-3)/(-1) - 6)?
5
Let k(g) = 2*g + 8. Let b be k(-6). Let w = b - -5. What is the units digit of (w + 1)*(2 + 2)?
8
Let a(i) = 16*i + 5. What is the tens digit of a(3)?
5
Let w(u) be the second derivative of u**5/20 - 5*u**4/12 - 5*u**3/6 - 5*u**2/2 - 2*u. Let l be w(6). Let a(y) = 15*y**2 - y + 1. What is the tens digit of a(l)?
1
Suppose 6*s = 2*s - 36. Let d(j) = -2*j - 5. What is the tens digit of d(s)?
1
Suppose 3*c = -15*r + 18*r + 801, 5*c - 4*r = 1332. What is the tens digit of c?
6
Let w be 1 - 2/(-2)*3. Suppose -w*k + 4*z - 2*z + 16 = 0, -5*z - 25 = -5*k. What is the units digit of k?
3
Suppose 4*p = 3*t + 2, 6*t - 2*t + 3*p - 14 = 0. Let r be 2/(-6) + 20/6. Suppose t*d - r*l = 48, 12 = d - 3*l - 15. What is the tens digit of d?
2
Let h = -5 + 4. Let b be -2*1/h - 0. Suppose -6 = 3*i + 2*k - 18, b*i + 2*k - 10 = 0. What is the units digit of i?
2
Suppose 45 = 2*h - 3. Let o be 2/8 - (-44)/16. What is the tens digit of (o/2)/(3/h)?
1
Let f = 33 - 49. Let i = 6 + f. What is the tens digit of (5/i)/(2/(-44))?
1
Let b = 22 - 28. Let r = -1 - b. What is the units digit of r?
5
Suppose 5*n - 1103 + 218 = 0. W